13*q. What are the prime factors of q?
3, 293
Let f(d) = d**3 + 5*d**2 + 6*d + 32. Let y be f(-5). What are the prime factors of 3 + y - (-478 - 14)?
7, 71
Suppose 460487 = 14*q - 231435. What are the prime factors of 4/(-6) + q/33 + 5?
2, 751
Let u(t) = 4*t**2 + 76*t + 401. List the prime factors of u(-27).
5, 11, 23
Let y(q) = -q + 45. Let b(s) = s + s + 24 - 3*s - 1. Let f(u) = -7*b(u) + 4*y(u). List the prime factors of f(11).
2, 13
Let x be (455/25)/(-3 + (-32)/(-10)). Suppose 4704 = -84*h + x*h. What are the prime factors of h?
2, 3, 7
Let u = 43 + -46. Let x be 2/u + 8118/27. Suppose -5*g = g - x. List the prime factors of g.
2, 5
Let u = -138 - -262. Let b = u + 559. What are the prime factors of b?
683
Suppose 1864*m + 114213 = 1875*m. List the prime factors of m.
3, 3461
Let v be (-12)/16 - 10825/20. Let w = -120 - v. List the prime factors of w.
2, 211
Suppose -2*h + 230 = -5*d - 351, 0 = h + 3*d - 296. Let f = h + -20. What are the prime factors of f?
3, 7, 13
Let m(f) = 6*f**2 + 71*f + 102. Let t be m(-27). Suppose -3*v = 2*o - 2562, -3*v = 29*o - 26*o - t. List the prime factors of v.
2, 107
Let o(s) = 89*s**2 + 9*s - 15. Let h be o(6). Suppose 1293 = 8*r - h. List the prime factors of r.
3, 7
Suppose -f - 92 = -2*f. Suppose 5*k + 17 = f. List the prime factors of 57*2/4*100/k.
2, 5, 19
Let d(a) = -469*a - 1199. List the prime factors of d(-23).
2, 3, 17, 47
Let j(q) = 305*q**3 - 8*q**2 - 20*q - 66. List the prime factors of j(6).
2, 3, 11, 991
Let b(y) = y**3 - 6*y**2 + 10*y - 3. Let u be b(4). Suppose 3*r + 2*o = 400, -u*o + 4*o + 398 = 3*r. What are the prime factors of r?
2, 3, 11
Let z = 69978 + -43677. What are the prime factors of z?
3, 11, 797
Let b = 808 + -804. Suppose l - 912 = -u, b*u + 897 = l + 2*u. What are the prime factors of l?
907
Let a(u) = -3*u**2 + 2*u + 5*u**2 + 2 - 4*u + u. Let b = -475 - -471. List the prime factors of a(b).
2, 19
Suppose 0 = -2*r - x, 3*r - 5*x = 5*r + 16. Let c = r - -3. Suppose -67 = c*y - 242. List the prime factors of y.
5, 7
Let a(q) = 97*q**2 - 17*q + 68. What are the prime factors of a(-11)?
2, 1499
Let i = 12046 + -5539. What are the prime factors of i?
3, 241
Suppose 3 - 17 = 7*y. Let u be 72/12*7/y. What are the prime factors of (-2556)/(-21) - 2/u*3?
2, 61
Let i = 1357 - 1337. Suppose -z + 484 = -5*z. List the prime factors of i/4*12/15 - z.
5
Suppose 2*r = 5*j - 32988, 3*r = -3*j + 5*j - 13204. Suppose 0 = 18*x - x - j. List the prime factors of x.
2, 97
Let i(u) = 9*u**3 + 5*u**2 + 11*u - 173. List the prime factors of i(8).
29, 167
Let f = -4305 + 5638. List the prime factors of f.
31, 43
Suppose -2*p + 2*p = 2*p. Suppose -4*n = 3*b - 29, p = -3*n + b - 0 + 12. Suppose n*a = 1013 - 128. List the prime factors of a.
3, 59
List the prime factors of (-5)/1 - (3 - (4230 - 18)).
2, 1051
Let r(a) = -36*a - 26. Let y be r(-14). Suppose -2*l = 4*n - y, -3*l = -6*l + 2*n + 693. What are the prime factors of l?
233
Let w(c) = c**2 + 6*c + 1. Let i be w(-5). Suppose -6*n + 16*n = -11*n + 21. List the prime factors of ((-129)/9 - n)/(i/6).
23
Let p(c) = -5*c - 3 - 3 + c**2 + 1. Let y be -6*(-1 + (-5 - -4)). What are the prime factors of p(y)?
79
List the prime factors of (9694/8 + -12)*12.
3, 4799
Suppose -69*j = -70*j - 128. Suppose u = 9*u - 2416. Let n = j + u. List the prime factors of n.
2, 3, 29
Let i be 0*(-6 + 2 + 5). Suppose -4*n + 30 = 2*m, i*m = -2*m + 2*n + 48. What are the prime factors of m?
3, 7
Let x(m) = 1451*m**2 + 39*m - 155. What are the prime factors of x(5)?
3, 5, 269
Let z = 31 - 48. Let w be (-8)/20 - z/5. Suppose -5*m = -5, 34 + 87 = w*f + m. List the prime factors of f.
2, 5
Let j(f) = -f + 24. Let u be j(0). Let h be (-17980)/(-58)*2/4. What are the prime factors of 0/(u/6) + h?
5, 31
Let c be 2*(-1)/3 + 798/63. Let d(x) = -32*x + 4*x - c*x - 1. List the prime factors of d(-2).
79
Suppose 0 = 8*i - 7*i - 10. Suppose 3*d - i = 8*d. What are the prime factors of (-59*d/(-4))/(42/(-252))?
3, 59
Suppose -205*u + 2583 = -204*u - f, f - 7773 = -3*u. List the prime factors of u.
3, 863
Suppose -4*r = -4*q - 28, 3*q = -q + r - 19. Let i(l) = -16*l - 15*l + 8*l. List the prime factors of i(q).
2, 23
List the prime factors of (-620)/(-248) - 8126/(-4).
2, 3, 113
What are the prime factors of 5*(8 - 0)*66?
2, 3, 5, 11
What are the prime factors of (-438021)/(-18) + 243/(-27)*2/12?
3, 8111
Let j be ((-2)/(-6))/((-23)/(-113781)). Let a = j - 934. List the prime factors of a.
5, 11, 13
Suppose -14*r + 98 = 14. Suppose 3*q = 4*q + a + 2, -r = -q + a. Let c(g) = 43*g**2 - 3*g + 1. What are the prime factors of c(q)?
167
Let b be (2 - 27/6)*(22 + -2). Let p = -40 - b. What are the prime factors of p*(3 + 8/4 + 3)?
2, 5
Let i(y) = 18*y - 74. Let t be i(16). Suppose -2*x + 449 = -3*h, 4*x - t = 3*x + 5*h. What are the prime factors of x?
229
Suppose -20*k = -377390 + 21910. Suppose 60488 - k = 42*i. What are the prime factors of i?
3, 113
Let v(t) = -8 - 7*t - 3 - 5*t - 23*t. Let y be (4/10)/(5/(-50)). List the prime factors of v(y).
3, 43
Suppose -8*t + 4*t - 33868 = -4*s, 0 = 4*s - 5*t - 33863. List the prime factors of s.
2, 3, 353
Let f be 22/66 + (-3)/(9/(-164)). List the prime factors of 6/(-15) - (-10087)/f.
3, 61
Let t = 31200 - -26389. What are the prime factors of t?
7, 19, 433
Let k(t) = -16*t + 27. Suppose 2*m = 5*w + 19 - 1, 2*m = w + 26. Let f be k(m). Let b = 285 + f. List the prime factors of b.
2, 11
Suppose 217 = -6*k + 175. Let j(x) = -2*x**3 + 2*x**2 - 13*x + 2. What are the prime factors of j(k)?
877
Let w(s) be the second derivative of 3*s**5/5 - s**4/8 - 23*s**3/6 - 5*s. Let k(n) be the second derivative of w(n). What are the prime factors of k(1)?
3, 23
Let m = -1438 + 1004. What are the prime factors of (-4)/8*(2 + m)?
2, 3
Suppose -31*b + 8922 = -27*b - 87098. What are the prime factors of b?
5, 4801
Let h be ((-42)/(-39))/7 + (-63)/(-13). Suppose h*k = 1205 + 2265. What are the prime factors of k?
2, 347
Suppose -3 = -k - 2*q, -5*k + 3*q = -2*q - 15. Let r(o) = -2*o**2 + k*o**2 - 7*o + 2 - 9*o + 4. List the prime factors of r(16).
2, 3
Suppose -h = 3*q + 2*q - 20, 2*h - 12 = -3*q. Suppose q*c - 80 = 2*c. Let p = c - 20. What are the prime factors of p?
2, 5
Suppose -a + 15 = 3*s, -3*a - 25 = -4*a - 5*s. Suppose 4*i - 4*x = -0*x + 2492, i + x - 633 = a. What are the prime factors of i?
2, 157
Let m(c) = c**2 - 15*c + 18. Let x be m(10). Let v = x - -34. Suppose -v*s + 555 = 3*s. What are the prime factors of s?
3, 37
Let t(d) = -34*d + 56. Let l be t(-7). Suppose q - 646 - l = 0. What are the prime factors of q?
2, 5, 47
Let v = 33036 - -10383. List the prime factors of v.
3, 41, 353
Let q(b) = -8*b**3 - 4*b**2 - 3*b + 10. List the prime factors of q(-8).
2, 13, 149
List the prime factors of ((-28)/252)/(5/(-1346535)).
23, 1301
Let f(d) = -35 + 25 - 3*d**3 + 2*d**3 + 2*d**2 - 4*d - 16*d**2. Let q be f(-14). Suppose l = q + 86. List the prime factors of l.
2, 3, 11
Let h(d) = -103*d - 21. Let v(x) = 13*x**2 - x + 1. Let y be v(1). Suppose -5*c + 4*s = 30, c = 4*s - 9 - y. List the prime factors of h(c).
5, 37
Suppose 115*x = x + 866058. What are the prime factors of x?
71, 107
Suppose 0 = -3*h - 4*u + 164201, -4*u + 164229 = 3*h - 7*u. What are the prime factors of h?
19, 43, 67
Let c(i) = 3*i - 7. Let u be c(4). Suppose m - u*b + 32 = 0, 19 = -5*m + 5*b - 61. What are the prime factors of (-820)/m - 5 - 1/3?
3, 7
Suppose -33*f = -165*f + 499092. List the prime factors of f.
19, 199
Suppose 2*o - 40664 = -2*b, 0 = o + 4*b - 21342 + 995. What are the prime factors of o?
20327
Let g(y) = 41 - 76 + 38*y + 20*y. Let d be g(16). Suppose -9*x + d = 11. List the prime factors of x.
2, 7
Let w(o) = o**2 - 11*o - 3. Let x be w(12). Suppose x*m - 6*m = 2*h - 1210, -h = -4*m - 610. List the prime factors of h.
2, 7, 43
List the prime factors of 353556/(-4830)*755/(-2).
3, 61, 151
Let b(z) = 501*z**2 + 2*z + 3. Let y be b(-1). Let a = y - 272. List the prime factors of a.
2, 5, 23
Let u(f) = f**3 + 10*f**2 + 8*f + 2. Let w be u(-9). Suppose -2049 + 6427 = w*o. What are the prime factors of o?
2, 199
Let p(f) = f**2 - 8*f - 12. Let l(n) = n**3 - 6*n + 9. Let u be l(3). List the prime factors of p(u).
2, 3, 7
Let f = 4694 - -7500. What are the prime factors of f